q**3 + 17*q**2 - 50*q**2 + 16*q**2 + 8*q - 1. Let a(k) = -4*k**3 - 6*k**2 + 3*k. Let o(x) = -8*a(x) + 3*u(x). What is o(-3)?
-3
Suppose 0*z - 1 = z. Let g(y) = -47*y + 52*y - 2*y + 1. What is g(z)?
-2
Let m(k) = 9 - k + k**3 + 8 - 1333*k**2 - 3*k + 1328*k**2. Determine m(5).
-3
Let b(o) = -2*o**2 + 16*o + 5. Suppose 0 = 28*m - 26*m - 5*x - 23, 5*x = -5. Give b(m).
-13
Let a(j) be the first derivative of -j**4/4 + 5*j - 5. Suppose 0*b - 5 = b, -f = -2*b - 3. Let n(i) = i**2 + 6*i - 7. Let d be n(f). What is a(d)?
5
Let b(i) = -4*i - 3. Let v be b(-2). Let r(a) be the first derivative of -a**4/4 + 5*a**3/3 - a**2 - a - 22825. Determine r(v).
-11
Let i(z) = -3*z**2 - 169*z - 1444. Let v(l) = 2*l**2 + 112*l + 964. Let h(o) = -5*i(o) - 8*v(o). Determine h(-13).
2
Let m(t) = -2*t - 19. Suppose 0 = 3*y + 4*s + 29, -y = 5*s + 829 - 823. Calculate m(y).
3
Let g be 52/65*(-10)/4. Let v be ((-3)/(-6))/((-1)/g). Let w(i) = 1 - i**2 + 1 + 0*i**2 - v. Determine w(3).
-8
Let q(l) = 62*l + 36. Let s(m) = 113*m + 73. Let r(g) = 9*q(g) - 5*s(g). Determine r(-5).
-6
Suppose 88*u + 103 + 161 = 0. Let t(q) = q**3 + q**2 - q - 4. Give t(u).
-19
Let v = -1381 - -1379. Let g(l) = -14*l + 17*l - 2 + 3 + 4*l**2. Calculate g(v).
11
Let v(i) = 28 - 6*i**2 + 11227*i + 5*i**2 - 11209*i. Calculate v(19).
9
Let f be 4 + 5 + 0 + 0/(-2). Suppose 2*h + 5 = v, -f = 4*v + h - 2. Let p(m) = -6 - m + 6*m**3 + 1 - m**2 + 4 + 0. What is p(v)?
-7
Let x(m) = 4*m**2 + 20*m + 53. Let r(a) = -13*a**2 - 63*a - 160. Let n(s) = -6*r(s) - 19*x(s). Give n(0).
-47
Suppose 0 = -5*k - 5*i, 4*k - 8*k + 2*i = -30. Suppose 0 = -k*q + 3*y + 14, -3*q - 9*y + 18 = -14*y. Let n(u) = 14*u**2 + u - 1. What is n(q)?
14
Let k be 244/(-28) + 1 + 102/(-357). Let u(b) = -b**2 - 2*b + 5. Determine u(k).
-43
Let d be (-4)/((13 - 5)/(-16)) - 24. Let r(u) = -u - 19. What is r(d)?
-3
Let c(v) = -22607*v + 22604*v + 0*v**3 - 9*v**2 - 2*v**3. What is c(-5)?
40
Let m(u) = 5*u**2 - 1. Suppose -12*h + 0*h - 36 = 0. Let n be 2/(-3)*(h/(-2) + 0). Calculate m(n).
4
Suppose -2*v + 19 = -5*u, 4 = -v + 3*u + 11. Suppose -5*p + v = -3. Let q(b) = -9*b + 7. Let g(i) = i. Let a(m) = 4*g(m) + q(m). Calculate a(p).
-18
Let d be 3*15/9*1. Suppose 2*u = -d - 7. Let p(x) = -2*x - 160. Let m(k) = 9*k + 693. Let c(n) = -3*m(n) - 13*p(n). Give c(u).
7
Let m(j) = 2 - 40*j**2 + 3*j**3 + 0 + 24*j**2 + 13*j. Let l(z) = -2*z**3 + 11*z**2 - 9*z - 1. Let r(k) = -8*l(k) - 5*m(k). Let b = 7 - 0. Give r(b).
-2
Let b(k) = 491*k**3 + 56*k**2 - 23*k + 18. Let y(t) = 344*t**3 + 38*t**2 - 15*t + 12. Let m(j) = -7*b(j) + 10*y(j). Calculate m(4).
38
Let y(d) = -d**3 + 6*d**2 - 4*d - 2. Suppose 0 = -5*f + w + 29, 212*f = 211*f + 4*w + 21. What is y(f)?
3
Let p(h) = -59*h + 38. Let c(q) = 101*q - 64. Let d(x) = -7*c(x) - 12*p(x). Give d(14).
6
Let j = -39 - -39. Let z(f) be the third derivative of f**5/60 - f**4/24 - 2*f**3/3 - 5*f**2 - 3. Calculate z(j).
-4
Let o(y) = -17*y + 4*y + 12*y - 9. Suppose -23 = -55*i - 408. Calculate o(i).
-2
Let z(w) be the second derivative of -13*w**5/20 + w**4/12 + w**3/6 + 3*w. Let b = -4588 + 4587. What is z(b)?
13
Let t(x) = -x. Let z(h) = 4*h - 8. Let g(j) = 5*t(j) + z(j). Let q(v) = 27*v**3 + 174 - 28*v**3 - 5*v**2 - 13*v**2 + 10*v. Let a be q(-18). What is g(a)?
-2
Let b(s) = 7*s + 104. Let r be -65*(51/(-45) - 16/(-12)). What is b(r)?
13
Let z(n) be the first derivative of 2*n**2 + 3*n + 281. Let y(m) = m**3 - 5*m**2 - 6*m - 5. Let u be y(6). What is z(u)?
-17
Let j(l) = l**2 + 30*l - 1077. Let n be j(21). Let c(d) be the third derivative of 0 + 1/60*d**5 + 1/4*d**4 - 1/6*d**3 + 0*d - d**2. What is c(n)?
-1
Let b(g) = 7*g**3 - 22*g**2 + 27*g - 30. Let h(w) = 3*w**3 - 11*w**2 + 13*w - 15. Suppose 0 = -12*i - 88 + 64. Let p(j) = i*b(j) + 5*h(j). Determine p(10).
-5
Let d be (-1 - (-49)/(-3))*21/(-14). Let h(p) = p**3 - 27*p**2 + 26*p - 3. Determine h(d).
-3
Let o(l) be the second derivative of 1/6*l**3 - l + l**2 + 2. What is o(3)?
5
Let n(y) = -26*y + 9*y + 25*y + 41. Determine n(-5).
1
Let n = 127544 - 127538. Let l(o) be the first derivative of o**3/3 - 3*o**2 + 4*o - 4. Give l(n).
4
Let w(p) = -17*p - 1. Suppose 4*z = -2*z + 18. Suppose -4*h + 3 + 13 = n, 0 = -z*n - 5*h + 83. Let j = -37 + n. Give w(j).
16
Suppose -287 = -29*g + 70*g. Let c(w) = -w**2 - 6*w + 1. Determine c(g).
-6
Suppose -5*z - 1 = -26. Suppose 5*j + 4*b = 29, 2*j - 34 = -b + z*b. Let y(m) = j*m**2 - 23 - 24 + 37 - m**3 - 5*m. Calculate y(8).
14
Let m be (((29 - 9)/(-5))/(-4))/((-3)/15). Let h(p) = 8*p - 12. Give h(m).
-52
Let w(j) = -8*j + 8. Let r = -84 - -120. Let d be ((-160)/96)/((-10)/r). Determine w(d).
-40
Let o(s) = -2*s**3 + 22 + 1 - 20*s**2 + 30 + 2*s - 98 + 3*s**3. Calculate o(20).
-5
Let j(u) = 26*u + 91. Let c = 4934 + -4937. Determine j(c).
13
Let y(j) be the second derivative of j**4/12 - 5*j**3/2 - 17*j**2 + j - 25. Determine y(17).
0
Let g(t) = -t**2 + 6*t. Let c = 2827 + -2823. Calculate g(c).
8
Let b(m) = -4*m**2 - 3*m - 8. Let x = -5595 - -5593. What is b(x)?
-18
Let m(a) = -a + 12. Let s(j) = 6*j - 73. Let c(q) = -11*m(q) - 2*s(q). Determine c(5).
9
Let y(l) = l**3 + 10*l**2 - 10*l + 1. Let j be -7 + (-2 + -30)/(-4). Let q be ((-9)/2 - j)*(-16)/(-8). Calculate y(q).
-10
Suppose 0 = 2*z - 4*j - 170, -3*z + 13*j - 9*j = -257. Let t(v) = 35*v + 30*v - z*v. Give t(-2).
44
Let o(z) = 3*z + 2. Let y(i) = -i**3 + 12*i**2 - i + 15. Suppose -5*r = -18 - 42. Let l be y(r). Let p = l - 5. Give o(p).
-4
Let t be 10/(-8)*432/(-90). Let n(o) = o**3 - 7*o**2 + 8*o - 16. Give n(t).
-4
Let p = -4270 + 4266. Let w(h) = 4*h**2 + 14*h - 8. What is w(p)?
0
Let z(o) be the first derivative of 24 + 0*o**3 - 1/12*o**4 + 7*o**2 + 0*o. Let q(b) be the second derivative of z(b). Calculate q(4).
-8
Suppose -4*h + 5*v + 534 = 0, h - 32 = -3*v + 93. Let o = -132 + h. Let g(l) = 3*l**3 + l**2 - 2*l - 2. Calculate g(o).
-2
Let k(d) be the third derivative of d**5/60 - d**4/4 - 8*d**3 + 3029*d**2 + 3. Give k(-4).
-8
Let s(x) = -5*x - 7. Suppose t - 4*g = -280, 256 = -2*t - 2*g - 344. Let f = 290 + t. Give s(f).
23
Suppose v + 3*n - 15 = 0, -11*v = -16*v + 3*n + 3. Suppose -4*p - 5 = v*k - 6*k, 0 = 3*p - 5*k - 10. Let j(o) = -o - 2 - 3 - 4. Give j(p).
-4
Let k(o) = 15*o + 7. Let g(u) = -10*u + 80. Let a(j) = g(j) + 3*k(j). Calculate a(-3).
-4
Let t(p) = p**3 + 39*p**2 + 41*p + 75. Let b = -505 + 467. Give t(b).
-39
Let a(u) = 96*u - 108*u + 13*u - 4. Let z(c) = -2*c - 1. Let s be z(-3). Let t = -9 + s. Determine a(t).
-8
Let k(w) = w - 8. Let o = 22514 - 22501. Give k(o).
5
Let q(l) = -l**2 + 7*l - 6. Let m be q(5). Let n(y) = -910*y + 284*y + 313*y + 314*y + 1. Determine n(m).
5
Let c(k) = -6 + 5*k**2 - 5*k - k**3 + 2*k**3 - 4*k + 7*k**2 - 20*k**2. Suppose -23*a + 25*a = 18. Give c(a).
-6
Let g = 11033 + -11036. Let t(p) = -32*p - 97. Give t(g).
-1
Let q(s) = -s**3 + 9*s**2 + 3*s + 8. Let t be ((-2)/(-3))/(1154/15579). Determine q(t).
35
Let i(t) = 3*t + t**2 + 5*t + 5 + 0. Suppose -18*s = -u - 23*s - 12, 0 = -4*u - 2*s - 30. Give i(u).
-2
Let v(o) = 30*o + 1251. Let i be v(-42). Let f(l) = l + 1. Determine f(i).
-8
Let f be ((-6)/10 - 489/(-15))/4. Let v(x) = -x**3 + 9*x**2 - 7*x. Give v(f).
8
Let d(k) = k + 4. Let v(w) = -8 + 7 - 6 - w - 20. Let u be v(-19). Calculate d(u).
-4
Suppose 0*v = v - 6. Let f(t) = 1 - 3*t + 15*t + v*t. Suppose -836 = 919*y - 132 + 215. Calculate f(y).
-17
Let g(r) = -r**3 - 11*r**2 - 4*r - 6. Suppose -81*u + 77*u = -44. Suppose u*z = 4*z - 77. Give g(z).
38
Let j(d) = d**2 + 10*d + 1. Let p(w) = -2*w. Let t(o) = 2*j(o) + 11*p(o). Let k be t(2). Suppose -i = -k*i - 25. Let x(u) = u**2 + 4*u - 5. What is x(i)?
0
Let b(z) = -z**3 - z**2 + 6*z + 2. Let r be b(-3). Let q(t) = 23 - 5*t - 2*t**r - 7 + t**2 - 11. Give q(-6).
-1
Let y(x) be the third derivative of x**5/30 - 7*x**4/24 + x**3 + 2457*x**2. Give y(6).
36
Let v(w) = -w**3 - 5*w**2 + 7*w + 8. Let o be v(-6). Suppose 6*d + 12 = -o*m + d, 0 = 3*d + 12. Let l(x) = -1 - 292*x + 150*x + 144*x. Calculate l(m).
7
Suppose -10 = -2*s + 22. Let z(y) be the first derivative of y**4/4 - 17*y**3/3 + 8*y**2 + 2*y + 146. Determine z(s).
2
Let d(s) = -6*s - 12 - 11 - 72*s**2 + 73*s**2 + 33. Calculate d(3).
1
Let u(n) be the third derivative of n**7/2520 - n**6/90 - n**5/24 - 5*n**4/24 -